inder when -5 + 176/11 + 165 is divided by 175?
1
Suppose -136 = -c + 33. Suppose 39 = c*h - 166*h. Suppose 3*i + 0*i - 2*q - 118 = 0, 3*i - 103 = -q. What is the remainder when i is divided by h?
10
Let b(z) = z**2 + 7*z + 5. Suppose -3*j + 4*j - 18 = -3*t, -18 = -3*t + 3*j. What is the remainder when b(t) is divided by 18?
11
Let h = -86 - -107. Suppose -c = 4*c - 5*f + 320, -316 = 5*c - 3*f. Let g = c - -75. Calculate the remainder when h is divided by g.
8
Let f = -3859 - -3911. Calculate the remainder when 100 is divided by f.
48
Let j be 4 - 1*18/9. Suppose 5*f - p = 85, j*p = 3*f - 24 - 20. Calculate the remainder when f is divided by 1/((-1)/1) - -7.
0
Suppose -4*j - 1836 = -3*x - 2*j, -4*x + 4*j + 2444 = 0. Suppose 26*q = 764 + x. Calculate the remainder when q is divided by 5.
3
Let x(m) = 190*m**3 - m**2 - 145*m + 146. What is the remainder when 3796 is divided by x(1)?
186
Let t(q) = 1149*q**2 + 12*q - 9. Calculate the remainder when t(1) is divided by 20.
12
Let t(a) be the first derivative of a**3/3 - a**2 - 46*a + 40. Calculate the remainder when t(9) is divided by 4.
1
Suppose 4*x + 68 = -76. Let a(m) = -2*m + 4. What is the remainder when a(-10) is divided by ((-30)/8)/(x/96)?
4
What is the remainder when 221 - 120/48*(-3)/((-30)/28) is divided by 56?
46
Let q(j) = j - 1. Let s be q(15). Let l(r) = 2*r**2 - 18*r + 16. Let z be l(s). Suppose 3*h + h - z = 0. What is the remainder when 76 is divided by h?
37
Suppose 2*m + 4 + 14 = 0. Suppose 182*z - 167*z = -3600. Calculate the remainder when 93 is divided by -8 + z/m + 1/3.
17
Suppose -i + 4*q + 112 = 0, i + 29*q = 30*q + 109. Let c be 2 - 12/3 - -196. Let f = c - i. What is the remainder when f is divided by 13?
8
Let u(j) = j**3 + 12*j**2 - 12*j + 17. Let y be u(-13). Suppose 4*i = -l + 42, i + 3 - 22 = y*l. What is the remainder when 194 is divided by i?
7
Suppose -47*p = -51*p - 1652. Let j = p + 457. Let r = -99 + 228. What is the remainder when r is divided by j?
41
Suppose 0 = 4*m - n - 917 - 419, -1340 = -4*m + 2*n. Calculate the remainder when m is divided by 116.
101
Let f be ((-7)/(-3))/(189/486). What is the remainder when (23/(483/1666))/(4/f) is divided by 15?
14
Calculate the remainder when 2190 is divided by ((5/2)/(-5))/(125/(-1750)).
6
Let o(d) = -2*d**3 - 24*d**2 - 24*d - 16. Let b be o(-11). Calculate the remainder when 200 is divided by 25/(-75) - (-404)/b.
66
Suppose l - 4 = -2*b - 3, 2*b - 4*l = 16. Suppose 3*f + 173 = 2*x, 1 = 3*f - b*f. What is the remainder when 350 is divided by x?
86
Let m be (-6)/4*(-15 - 45/(-5)). Suppose 34*r - 300 = m*r. Calculate the remainder when 95 is divided by r.
11
Let i = 83 + -125. Let l(w) = w**3 - 9*w**2 + w + 6. Let x be l(8). Let u = i - x. What is the remainder when 45 is divided by u?
5
Let v = -10565 - -12125. Calculate the remainder when 1571 is divided by v.
11
Let l = 25584 + -25233. Calculate the remainder when l is divided by 97.
60
Suppose -22840 = 46*s - 134*s + 12888. Calculate the remainder when s is divided by 85.
66
What is the remainder when 1582 is divided by (-4)/14*1421/(-203) + 54?
14
Suppose 434 = -0*u - 7*u. Let c = u + 46. What is the remainder when 35 is divided by -2 - c - (0 - -4)?
5
Let m(c) = -c**3 + 19*c**2 + 72*c - 129. Calculate the remainder when 289 is divided by m(22).
1
Suppose 11*y = 2621 - 212. What is the remainder when 261 is divided by y?
42
Let c = -25 - -23. Let v be (216/(-84))/((2/49)/c). Suppose -3*i + 456 = v. What is the remainder when i is divided by 38?
34
Let r(u) = -u**3 + 28*u**2 - 175*u - 24. What is the remainder when 7408 is divided by r(10)?
24
Let l = 16 - 2. Suppose -135 + 1836 = 9*y. Let w = -137 + y. Calculate the remainder when w is divided by l.
10
Let k(j) = 6*j + 35. Let g be k(-5). Suppose -1551 = -g*p - 3*m, -318 = -p - 0*m + 2*m. Calculate the remainder when p is divided by 29.
22
Let p = -44 + 95. Let v = 72 - p. Suppose 6*o + 3 = v. What is the remainder when 8 is divided by o?
2
Let l(h) = 3*h**3 + 2*h - 3. Let t(q) = q - 1. Let z be t(3). Let p(m) = -5067*m + 40550. Calculate the remainder when l(z) is divided by p(8).
11
Let q(t) = -141*t**3 + 2*t**2 + 16*t + 17. Calculate the remainder when q(-2) is divided by 11.
10
Let n = 90 - 85. Suppose 0*a + n*s + 23 = 2*a, -16 = -4*a + 4*s. Calculate the remainder when (-3 - a)*(-1 + (5 - 85)) is divided by 15.
12
Suppose 2*w - w = 3*q + 21, 5*w - 5*q - 65 = 0. Suppose 0 = -3*s + 4*b + 47, 129*s - 128*s - 2*b - 11 = 0. What is the remainder when s is divided by w?
7
Suppose 0 = -i - 2*w, 2*i - 5 = -2*w - 3. Let x be 47 - ((-162)/6)/3. Suppose 8*h - 15*h = -x. What is the remainder when h is divided by i?
0
Suppose 2*v = -i - 8, 0 = 16*v - 13*v - 5*i - 1. Let n(z) = 5 - 3*z + z**2 + 0*z + 6*z**2. What is the remainder when n(v) is divided by 16?
13
Let x be 3*1 + 432/16. Let m be (-12)/x - 182/(-5). Calculate the remainder when 79 is divided by (-4)/(-6) - (-732)/m.
16
Suppose 9*x - 277 - 299 = 0. Suppose 2*m - 3*m = 2*q - 40, -4*q + x = -2*m. Calculate the remainder when 36 is divided by q.
0
Suppose 3*h + 15 = 3*k, -5*k + 20 = -4*h - 10. Let s(z) = -1 + 2*z + 3 + 3*z**2 - 6*z. What is the remainder when k is divided by s(2)?
4
Let b = -283 - -303. Suppose -b*u + 2*u = -1548. Calculate the remainder when u is divided by (-2)/(-2 - -4) + 23.
20
Let o(z) = -z**3 - 4*z**2 + 15*z - 13. Suppose -8*s = -14*s - 42. Calculate the remainder when 97 is divided by o(s).
10
Let t(w) = 79*w - 6533. Calculate the remainder when 5972 is divided by t(83).
20
Suppose -2*d = -j + 282 + 11, 4*d = -4*j + 1136. Let y be (-3)/(1*2/(-6)). Suppose -16*x + j = -y*x. What is the remainder when x is divided by 14?
13
Let b(f) = 1339*f + 149. Calculate the remainder when b(1) is divided by 184.
16
Let l = -10894 + 11089. What is the remainder when 6434 is divided by l?
194
Let o = -4 - 1. Let s(k) = 5*k**2 + 7*k + 5. Let y(m) = 66*m - 1428. What is the remainder when s(o) is divided by y(22)?
23
Suppose -2*x = 4*k - 2*k - 44, -5*x = 3*k - 66. Let c = 6782 - 6656. What is the remainder when c is divided by k?
16
Let q(l) = -22*l - 102. Let k be q(-11). Let p = 197 - k. Suppose -51 = -3*s - 15. Calculate the remainder when p is divided by s.
9
Let q be (-5)/(-20) - 29838/24. Let a = 1767 + q. What is the remainder when a is divided by 25?
24
Suppose t - 4*t = -12. Suppose -k - 23 = -t*k - 2*a, 5*k - 39 = -4*a. Calculate the remainder when 13 is divided by k.
6
Let u = -9 - -401. Let k = 462 - u. Calculate the remainder when k is divided by 20.
10
Let i = 680 - 238. Let f = -405 + i. What is the remainder when 70 is divided by f?
33
Suppose 0 = 5*o - j - 1446, 2*o = -2*j - 0*j + 588. Let l(f) = -f**3 + 7*f**2 + 23*f - 123. What is the remainder when o is divided by l(5)?
38
Suppose a - 623 = j - 689, -5*j - 4*a = -366. What is the remainder when 2237 is divided by j?
67
Let v(p) = 3*p**2 + 2*p + 1. Suppose -i + 2*z + 3 = z, 2*i = -5*z + 6. Let w = -1 + i. What is the remainder when 66 is divided by v(w)?
15
Let c(a) = -14*a**3 + a**2. Let i be c(-1). Suppose 5*s + 0 = -i. Calculate the remainder when 37 is divided by (-2)/s + 560/42.
9
Let z(m) = -m**3 + 22*m**2 - 16*m + 100. Calculate the remainder when z(21) is divided by 71.
63
Let u = -1353 + 1355. Let c(d) = -d**3 + 2*d - 1. Let n be c(1). Let h = n + 2. Calculate the remainder when u is divided by h.
0
Let y = 18 + -4. Let p(o) = 36*o - 63. What is the remainder when y is divided by p(2)?
5
Suppose h + 10 = -5*c - 0*h, -3*c + h = 14. What is the remainder when 0/c + (-2)/((-2)/9) is divided by 7?
2
Suppose 5*v = -2*o + 89, 3*v + 3*o - 28 = 20. Suppose -36 = -9*b + 90. Let p(d) = -2*d**2 + 31*d - 11. What is the remainder when p(b) is divided by v?
12
Let w = -268 - -93. Let a = -98 - w. What is the remainder when a is divided by 8?
5
Calculate the remainder when 35 is divided by 0 + 184/24 + (-6)/(-18) + -2.
5
Let n(i) = -83*i + 1. Let g be n(-2). Let f = 4706 + -4694. Suppose f*x = 205 + g. What is the remainder when x is divided by 18?
13
What is the remainder when 141 is divided by (-22)/(-6)*(394 + -385)?
9
Calculate the remainder when 4/(-46) - 201040/(-1288) is divided by 52.
0
What is the remainder when 879 is divided by ((-14)/((-28)/750) - 11) + 10?
131
Let z = 34 + 